{"id":7,"date":"2026-01-16T16:27:38","date_gmt":"2026-01-16T15:27:38","guid":{"rendered":"https:\/\/www6.aero-ibe.de\/Wordpress\/?page_id=7"},"modified":"2026-01-16T16:46:54","modified_gmt":"2026-01-16T15:46:54","slug":"gehen-sie-mit-uns-auf-entdeckungsreise","status":"publish","type":"page","link":"https:\/\/www.aeroplan.de\/","title":{"rendered":"Individuelle und passgenaue Beratung"},"content":{"rendered":"\t\t<div data-elementor-type=\"wp-page\" data-elementor-id=\"7\" class=\"elementor elementor-7\">\n\t\t\t\t<div class=\"elementor-element elementor-element-95871d9 e-flex e-con-boxed e-con e-parent\" data-id=\"95871d9\" data-element_type=\"container\">\n\t\t\t\t\t<div class=\"e-con-inner\">\n\t\t\t\t<div class=\"elementor-element elementor-element-1ab2906 elementor-widget elementor-widget-text-editor\" data-id=\"1ab2906\" data-element_type=\"widget\" data-widget_type=\"text-editor.default\">\n\t\t\t\t\t\t\t\t\t<p>Konnte unsere innovative Flug-Suchmaschine nicht den Wunschflug finden, den Sie suchten?<br \/>Kein Problem! Besuchen Sie uns in K\u00f6ln oder rufen Sie uns an.<br \/>Wir freuen uns, Sie bei Ihrer ganz pers\u00f6nlichen Reisegestaltung beraten zu d\u00fcrfen!<\/p><p><strong>Ihr Team von Aeroplan K\u00f6ln<\/strong><\/p>\t\t\t\t\t\t\t\t<\/div>\n\t\t\t\t\t<\/div>\n\t\t\t\t<\/div>\n\t\t\t\t<\/div>\n\t\t","protected":false},"excerpt":{"rendered":"<p>Konnte unsere innovative Flug-Suchmaschine nicht den Wunschflug finden, den Sie suchten?Kein Problem! Besuchen Sie uns in K\u00f6ln oder rufen Sie uns an.Wir freuen uns, Sie bei Ihrer ganz pers\u00f6nlichen Reisegestaltung beraten zu d\u00fcrfen! Ihr Team von Aeroplan K\u00f6ln<\/p>\n","protected":false},"author":1,"featured_media":0,"parent":0,"menu_order":0,"comment_status":"closed","ping_status":"closed","template":"elementor_theme","meta":{"footnotes":""},"class_list":["post-7","page","type-page","status-publish","hentry"],"_links":{"self":[{"href":"https:\/\/www.aeroplan.de\/index.php?rest_route=\/wp\/v2\/pages\/7","targetHints":{"allow":["GET"]}}],"collection":[{"href":"https:\/\/www.aeroplan.de\/index.php?rest_route=\/wp\/v2\/pages"}],"about":[{"href":"https:\/\/www.aeroplan.de\/index.php?rest_route=\/wp\/v2\/types\/page"}],"author":[{"embeddable":true,"href":"https:\/\/www.aeroplan.de\/index.php?rest_route=\/wp\/v2\/users\/1"}],"replies":[{"embeddable":true,"href":"https:\/\/www.aeroplan.de\/index.php?rest_route=%2Fwp%2Fv2%2Fcomments&post=7"}],"version-history":[{"count":13,"href":"https:\/\/www.aeroplan.de\/index.php?rest_route=\/wp\/v2\/pages\/7\/revisions"}],"predecessor-version":[{"id":22,"href":"https:\/\/www.aeroplan.de\/index.php?rest_route=\/wp\/v2\/pages\/7\/revisions\/22"}],"wp:attachment":[{"href":"https:\/\/www.aeroplan.de\/index.php?rest_route=%2Fwp%2Fv2%2Fmedia&parent=7"}],"curies":[{"name":"wp","href":"https:\/\/api.w.org\/{rel}","templated":true}]}}